en 101 is divided by o.
50
Suppose -10*w = 80 - 250. Suppose 2*b - 110 = 54. Calculate the remainder when b is divided by w.
14
Let g = -5 - -13. What is the remainder when (-2)/9 - (-1146)/54 is divided by g?
5
Let a be (6/(-2))/((-6)/(-20)). Let h = a - -13. Suppose h*n + 2 + 8 = -z, 0 = -z - 5*n - 20. Calculate the remainder when 8 is divided by z.
3
Calculate the remainder when 6 + -2 - 49000/(-100) is divided by 42.
32
Let s(q) = 9*q - 53. Let d be s(7). Calculate the remainder when 73 is divided by (-1)/(25/(-10)) + 196/d.
13
Let z(r) = r**2 - 47*r + 480. What is the remainder when 734 is divided by z(33)?
14
Let k = 18 - 6. Let z(a) = 18*a - 26. Let g(s) = s**2 - 8*s + 16. Let r be g(6). Calculate the remainder when z(r) is divided by k.
10
Let f(u) = 3*u**2 + 4*u + 0*u**2 - u**2 - 3 - 10. What is the remainder when f(-7) is divided by 12?
9
Suppose 3*t - 152 = 52. Calculate the remainder when t is divided by 9.
5
Suppose -4*a = -4*h - 8*a + 108, -h = -4*a - 52. Calculate the remainder when h is divided by 19.
13
Let y(u) = 7*u + 4. Calculate the remainder when y(7) is divided by 4.
1
Suppose 6*g + 3*g - 225 = 0. Let y(r) = 3*r - 6. What is the remainder when g/1 - (-6)/2 is divided by y(4)?
4
Let i = -389 + 728. What is the remainder when i is divided by 30?
9
Let m = -21 + 41. Suppose -l + m - 3 = 0. Calculate the remainder when l is divided by 50/6 - 8/(-12).
8
Suppose -3*m = -14*x + 17*x - 81, -3*m - 2*x + 84 = 0. Calculate the remainder when m is divided by 1.
0
Let w(g) = -3*g**2 + 1. Let x be w(-2). Let m = x - -28. Calculate the remainder when 49 is divided by m.
15
Suppose i - 38 = -0*i + l, -2*l - 116 = -3*i. What is the remainder when 57 is divided by i?
17
Let j = -477 - -607. Calculate the remainder when 1559 is divided by j.
129
Let u(v) = v**3 - v**2 - v + 47. Suppose 0 = 5*c - 4*c. Let y be u(c). Suppose y - 2 = 5*l. What is the remainder when 15 is divided by l?
6
Suppose -k + 9 = -10. What is the remainder when 8/7 - 5383/(-49) is divided by k?
16
Let l = -469 + 478. What is the remainder when 286 is divided by l?
7
Suppose -s + 160 = 9*s. Calculate the remainder when 78 is divided by s.
14
Let d be (15/(-6) - -2)*0. Suppose 5 = -d*l + l. Calculate the remainder when 27 is divided by l.
2
Let f(k) = -2*k**2 + 4. Let b be f(-4). Let h(j) = 2*j**3 - 7*j + 3. Let o be h(-3). Let i = b - o. Calculate the remainder when 5 is divided by i.
1
Let h(t) = -7*t + 268. Calculate the remainder when h(19) is divided by 8.
7
Let q(l) = -l**3 - 6*l**2 - 2*l + 7. What is the remainder when q(-9) is divided by 72?
52
Let r(u) = -6*u**2 + 5*u - 109. Let b(h) = -h**2 + h - 22. Let w(z) = -11*b(z) + 2*r(z). Calculate the remainder when 10 is divided by w(4).
2
Calculate the remainder when 53 is divided by (64/(-14))/(34/(-119)).
5
Suppose 4*j = j + 15. What is the remainder when 604/36 + 4/18 is divided by j?
2
Suppose 3*c - 7 = 3*a + 2, 5 = 5*a. Suppose -5*n + c*n = -1. What is the remainder when 5 is divided by n?
0
Let s be 28/6 + 7/(84/(-8)). Suppose -29 = -s*w + 403. Calculate the remainder when w is divided by 22.
20
Let u(t) = 3*t**3 + t**2 - t - 1. Let h = 45 + 52. Calculate the remainder when h is divided by u(2).
22
Suppose 2*z - 129 - 25 = -2*m, 4*m - 2*z = 290. What is the remainder when m is divided by 26?
22
Let z = 90 - 46. Suppose 90 = z*o - 39*o. What is the remainder when 51 is divided by o?
15
Let d be (-474)/8 - 48/64. Let b = d + 113. Calculate the remainder when b is divided by 18.
17
Let u(s) = -109*s**3 - 2*s**2 - s. Let j = 1467 + -1430. What is the remainder when u(-1) is divided by j?
34
What is the remainder when 780 is divided by 34/(-51)*(2 - 273/6)?
26
Suppose -3*x - d + 72 = 0, 5*d = 3*d - 6. What is the remainder when 38 is divided by x?
13
Let x(z) = -4*z. Let c be ((-9)/15)/((-1)/10). Suppose 4*l + 2*n = -0*l + 26, 3*n + c = -l. What is the remainder when x(-6) is divided by l?
6
Let h = 389 + -134. What is the remainder when h is divided by 43?
40
Let o be (138/(-30) + 5)/(2/(-70)). Let f = 10 - o. What is the remainder when f is divided by 5?
4
Let a(k) = 2*k**2 + 4*k - 4. Let w be a(-4). Suppose -2*t = 10, -t - 72 = -4*b + 3*t. What is the remainder when w/(-42) - (-326)/14 is divided by b?
10
Suppose -19*i + 480 = -11*i. Calculate the remainder when 169 is divided by i.
49
Suppose 578*x + 1795 = 583*x. Calculate the remainder when x is divided by 116.
11
Suppose 3*r = -2*r + 7*r. Suppose 4*a + a - y = 122, a + y - 28 = r. What is the remainder when a is divided by 14?
11
Let w(j) = -j**2 + 23*j + 29. Calculate the remainder when w(12) is divided by 24.
17
Let n(l) = 2*l**2 - 7*l + 1. What is the remainder when -15*2/(50/(-195)) is divided by n(6)?
24
Suppose 0 = 2*y - 10, 3*r - 3*y + 10 = 130. Calculate the remainder when 63 is divided by r.
18
Let n = 14 - 10. Let v be (n - 2) + 1 + -4. Let k(c) = -15*c + 1. What is the remainder when k(v) is divided by 5?
1
Suppose 0 = -5*r - 5*x + 5115, 13*x - 10*x = -6. Calculate the remainder when r is divided by 13.
11
Let v = -410 - -466. What is the remainder when 950 is divided by v?
54
Suppose 2*o + x + 3 = 0, o = 4*o - 3*x - 18. Let t be 24*o*(-25)/(-10). Suppose -2*l - 3*l = -t. What is the remainder when l is divided by 5?
2
What is the remainder when (-79)/10*-5*2 is divided by (-27 + -1)*(-1)/2?
9
Suppose -2*s + 61 + 7 = 0. Suppose -z + 5 = 0, 43*z + 21 = 4*w + 40*z. What is the remainder when s is divided by w?
7
Let l(z) = 4*z**2 + 2*z. Suppose 50 = 5*q + 5*o, -3*q - 2*o = -7*q + 34. Let i be (q/6)/((-3)/4). Calculate the remainder when l(i) is divided by 7.
5
What is the remainder when (85 + -3)*(-10)/(-20) is divided by 7?
6
Let t = -205 + 306. Let k = -88 + t. Calculate the remainder when k is divided by 7.
6
Suppose 0 = 5*l - 2*h - 84, -3*l - 4*h + h = -63. Calculate the remainder when 102 is divided by l.
12
Let k = 787 - 695. Calculate the remainder when k is divided by 6.
2
Suppose 53*d - 45 = 220. Calculate the remainder when 313 is divided by d.
3
Let j(g) = g**3 + 2*g + 0*g**3 + 6*g**2 - 5*g - 1 - 5*g. Let q be j(-7). Suppose -3*z + q*z = 93. Calculate the remainder when z is divided by 8.
7
Suppose -9*u + 16*u = -525. Let l = 83 + u. Calculate the remainder when 36 is divided by l.
4
Let k = -276 + 293. Calculate the remainder when 99 is divided by k.
14
Let l be 4 - (-1 - 1 - -1). Suppose -3*n - l*h = 8, 5*n + 2*h = -3*h - 20. Calculate the remainder when n/(-4)*380/15 is divided by 10.
8
Suppose -k = -m - 88, 5*m = -2*k - 99 + 303. Calculate the remainder when k is divided by 33.
26
Suppose 48*i = -9*i + 62871. What is the remainder when i is divided by 48?
47
Suppose -746 = -2*r + 2*p, 24*r + 740 = 26*r + p. Calculate the remainder when r is divided by 124.
123
Let a(f) = f**2 - 26*f + 113. What is the remainder when 292 is divided by a(5)?
4
Let u be (-3)/((-2)/4 - 1) - -1. Suppose -5*t + 2*t = b - 205, -365 = -5*t + u*b. What is the remainder when t is divided by 18?
16
Suppose 5*w + 45 = -5*k, -2*k - k - 4*w - 24 = 0. Let j = k - -15. Suppose 0 = -0*g - j*g + 117. What is the remainder when g is divided by 10?
9
Suppose -4*d + 4 = 0, 5*d - 19 + 162 = 4*u. What is the remainder when 130 is divided by u?
19
What is the remainder when (-17)/(-6 + (3 - -2)) is divided by 2?
1
What is the remainder when 743 is divided by 27/(-36)*232/(-6)?
18
Let y(a) = -2*a**2 - 33*a + 28. What is the remainder when 40 is divided by y(-17)?
7
Suppose -4*p + 5*m = 31, p + 2*m = 5*m - 13. Suppose -2*f = s - 19, -53 = -4*s + s - 5*f. Calculate the remainder when -1*(-58 + 0) + p is divided by s.
10
Let p be (-2)/9 + (110/18)/5. Let w(i) = 29*i. What is the remainder when 113 is divided by w(p)?
26
Suppose 2*m + 275 = 439. What is the remainder when m is divided by 21?
19
Let q(n) = -n**3 + 15*n**2 - n - 108. What is the remainder when 88 is divided by q(14)?
14
Suppose -20 = 5*m, 2*m + 20 + 8 = 2*l. Let f be (14/6 - 1)*3. Suppose -5*p + l = 0, z - f*p - 4 + 3 = 0. What is the remainder when 16 is divided by z?
7
Suppose 4*h - 3*g = 0, 2*h - g + 1 - 3 = 0. Suppose 4*c = h*s - 8*s + 91, -2*c + 26 = -4*s. Calculate the remainder when c is divided by (-75)/(-7) - 4/(-14).
8
Suppose 330 = 4*m - i, 4*m - 3*i - 328 = -i. Calculate the remainder when m is divi